s be (112/(-10))/((y/25)/(-6)). Calculate the highest common factor of 28 and s.
28
Let n(a) = -11*a - 11. Let p be n(-12). Calculate the greatest common factor of p and 55.
11
Suppose 5*t + 5*z = -40 + 210, 5*z = 10. What is the greatest common factor of 224 and t?
32
Let z(f) = -f**3 + 4*f**2 - 3*f + 1. Let r be z(2). Suppose -21*u = -22*u + 3. Let m be 1/u*(2 + 1). What is the highest common factor of r and m?
1
Suppose -4*n + 3 = -17. Let k(u) = 2*u**2 - 8*u + 8. Let r be k(n). Let q be (2/3)/(2/432). Calculate the greatest common factor of q and r.
18
Let o(d) = -d**2 + 6*d - 3. Let h be o(4). Suppose -6*u = -h*u - 141. Let w be (5 - 8/4) + u. What is the greatest common divisor of w and 16?
16
Suppose 27 + 0 = 3*n. Let k(o) = -o**2 + 10*o + 22. Let f be k(n). Let x be 653/3 - (-2)/(-3). Calculate the highest common divisor of f and x.
31
Let w(v) = v - 3. Let b be w(7). Suppose -4*z - 2*l = 8, -4*l = b*z + 25 - 9. Let t(j) = j**2 + 7. Let r be t(z). What is the greatest common factor of 7 and r?
7
Suppose 5*h + 1 = -14. Let a be (20/h)/(18/(-27)). What is the greatest common divisor of a and 10?
10
Let p = -250 + 320. Calculate the greatest common factor of 50 and p.
10
Suppose -69 = -b - 46. Suppose -4*w + 3*z + b = 0, -3*z + 4 + 5 = 0. Calculate the greatest common divisor of w and 24.
8
Suppose -9*x = -8*x - 1. Let n be x + -3 + -2 + -12. Let d = n - -18. Calculate the highest common divisor of 5 and d.
1
Let a(u) = -u**3 - 4*u**2 - 5*u - 4. Let r be 15/30 + 18/(-4). Let m be a(r). Calculate the highest common divisor of 88 and m.
8
Let f(z) = z**2 + 10*z + 11. Let u be f(-10). Let a = u + 5. Suppose 79 + 65 = 3*v. What is the highest common divisor of v and a?
16
Suppose -2*q + 2 = 20. Let d be 0 - ((-12)/q - 0)*-18. Calculate the highest common factor of d and 60.
12
Suppose 5*t - 30 - 161 = 3*b, 5*t = b + 197. Let f be ((-11)/11)/(177/60 - 3). What is the greatest common divisor of t and f?
20
Let a(x) = -x**3 - 36*x**2 + 76*x + 45. Let u be a(-38). Suppose -5*t + 21 + 30 = -3*z, 0 = 5*z + 10. What is the highest common factor of t and u?
9
Let l(y) be the third derivative of y**5/30 - y**4/6 - 13*y**3/6 + 5*y**2. Let p be l(-4). Calculate the highest common factor of p and 5.
5
Suppose -8*j - 1164 = -5*j. Let n = 548 + j. Suppose -3*g + g = -n. What is the greatest common factor of g and 20?
20
Let h(d) = -d + 5. Suppose -6*p + 11*p + 25 = 0. Let c be (12/(-2))/(p - -6). Let r be h(c). Calculate the greatest common factor of r and 33.
11
Let d be ((-22)/5)/((-1)/10). Let l be -4 + (-1 + 2)*-1. Let g(n) = n**3 + 5*n**2 - 2*n - 6. Let k be g(l). What is the greatest common factor of d and k?
4
Suppose 2*c - 3*c = 16. Let i be (-86)/(-4) + (-8)/c. Calculate the greatest common divisor of 11 and i.
11
Suppose 6*q - 118 = 182. What is the greatest common divisor of 4 and q?
2
Let x(i) = i**3 + i - 65. Let g be x(0). Let f be -60*(g/(-15) + -5). What is the highest common factor of f and 8?
8
Let c(h) = 124*h**2 - 26*h + 25. Let v be c(1). What is the highest common factor of v and 328?
41
Suppose 2*f + v + 84 = 5*f, f = -3*v + 38. Calculate the highest common divisor of f and 87.
29
Suppose 20*p = 22*p - 56. Suppose -2*l + 3*v = -4*l + p, 2*v = -2*l + 28. What is the highest common factor of l and 49?
7
Let o(v) = 1. Let a(c) = -26*c**2 - 2*c. Let i(n) = -a(n) - o(n). Suppose -3*r - 2*r + 5 = 0. Let d be i(r). What is the greatest common factor of 243 and d?
27
Suppose -2945 = -5*i - p, i + 4*p - 187 = 402. Calculate the highest common divisor of 31 and i.
31
Let k be 21/(-2)*44/66. Let x(w) = -w**3 - 7*w**2 + 4. Let c be x(k). Let s be ((-21)/c)/((-6)/40). Calculate the greatest common factor of 7 and s.
7
Let n = -4 + 2. Let j be ((-16)/(-3))/(n/(-39)). Calculate the greatest common factor of 26 and j.
26
Suppose 2*a = -6, -i + 2*a = 2*i - 114. Suppose 7*x - 53 = 10. What is the highest common factor of x and i?
9
Let q = 2755 - 2726. What is the highest common divisor of 551 and q?
29
Let i = -12 - -14. Let k(z) = 0*z + 8 - 4*z + i*z. Let t be k(-7). Calculate the greatest common divisor of t and 11.
11
Let i be (-9)/(-3)*72/12. Let z be (1 + 31)*(-18)/(-4). What is the greatest common factor of i and z?
18
Suppose 0 = 3*r + 3*d - 762, -5*r = -2*r - 3*d - 732. What is the greatest common divisor of r and 581?
83
Let v(n) = 2*n**2 - 2*n - 7. Let m be v(3). Suppose -m*l = 8 - 3. Let o be (-22)/(-2 - l - 1). What is the greatest common divisor of o and 11?
11
Let k(m) be the first derivative of m**3/3 + 4*m**2 + m + 1. Let l be k(-8). Calculate the highest common factor of l and 11.
1
Let p(y) = y**3 - 6*y**2 - 10*y + 8. Let x be p(7). Let z = 37 + x. Calculate the highest common factor of z and 6.
6
Let v be ((-9)/(-4))/(-3 - (-225)/80). Let d be 0*(-2)/4 - -100. Let y = d + v. What is the highest common factor of 8 and y?
8
Suppose -36*t + 38*t + 646 = 0. Let l be 3/2 - t/34. Calculate the greatest common factor of 11 and l.
11
Let k be (8 + -7)/(2/8). Suppose 9 = k*n - n. Suppose 7*p - 75 = 2*p. Calculate the highest common divisor of p and n.
3
Let a(v) = v**3 - 6*v**2 - 4*v - 2. Let k be a(7). Calculate the highest common factor of k and 2071.
19
Let v = 1477 + -1463. What is the highest common divisor of v and 77?
7
Suppose -40*c + 16*c + 360 = 0. Calculate the greatest common factor of 405 and c.
15
Let k(j) = 88*j - 209. Let v be k(9). Calculate the greatest common divisor of v and 53.
53
Let f(m) = -118*m**3 - m**2 - m - 7. Let t be f(-2). What is the highest common factor of 170 and t?
85
Suppose 31*x = 5848 + 1096. Calculate the highest common factor of x and 42.
14
Let c = 23 - 18. Suppose 0 = -c*q + h + 43, -13 = -5*q + 3*h + 26. What is the highest common factor of 99 and q?
9
Let y be 24 + -32 + 9*3. Let q = 15 + 35. Suppose -3*b + 164 = q. What is the greatest common factor of y and b?
19
Suppose 0 = 8*p - 7 + 23. Let k be (p - 0)/(-2) + 1. Suppose k*a + 2*a = 24. What is the highest common factor of a and 6?
6
Suppose -2*z + 14 = 8, 5*k = 5*z + 1065. What is the greatest common divisor of 540 and k?
108
Let i = -104 + 132. Let v be (-4)/1*(-40 + -1). Let a = v + -108. Calculate the highest common divisor of i and a.
28
Suppose 44 = 2*g - 2*s, -s = -g + 4*s + 6. Let k = -106 + 522. Let v be -2*3/(-12)*(k + 0). Calculate the highest common divisor of v and g.
26
Suppose 3*q = 4*z - 1, 2*q - z - 14 = -8. What is the greatest common factor of 6 and q?
1
Suppose -3*f = -g - 211 + 71, -2*f - 5*g = -65. Calculate the greatest common factor of f and 80.
5
Let n(i) = i**3 - 10*i**2 + 16*i + 4. Let f be n(8). Suppose -28 = -f*a - 0*a. Calculate the greatest common factor of 1 and a.
1
Suppose 0 = -10*w + 5*w - x + 362, 3*x = -2*w + 150. Calculate the greatest common divisor of 54 and w.
18
Suppose 0 = 6*i - 3*i. Let r = 168 - i. Let o be 11/(-66) - 254/(-12). What is the highest common divisor of o and r?
21
Let w be (-5)/(-2)*6/1. Suppose 0 = v - 29 - 2. Suppose 0 = -4*y - 7 + v. Calculate the highest common factor of y and w.
3
Suppose -6*r = -29 - 1. Let z = 2 + r. Suppose -5*m = 5*d - 43 - z, 3*d + 5*m = 32. Calculate the highest common divisor of 81 and d.
9
Let z be 6/12 + 82/4. Suppose 3*j + 12 = -15. Let n = z + j. Calculate the greatest common factor of 96 and n.
12
Let m(n) = -14*n - 149. Let z be m(-28). What is the highest common divisor of 27 and z?
27
Suppose 0 = -4*i - 3*s - 781, 4*i - 3*s = 2*s - 757. Let t = -94 - i. Calculate the greatest common factor of 11 and t.
11
Let r(l) = 3*l + 230. Let o be r(-44). What is the highest common factor of 49 and o?
49
Let l be (-5)/10 - 105/2. Let y = l - -62. What is the greatest common divisor of y and 18?
9
Let h = -257 + 267. What is the highest common factor of 290 and h?
10
Let t(j) = j**3 - 4*j**2 - 4*j - 34. Let r be t(8). Calculate the greatest common divisor of 30 and r.
10
Suppose 0 = -b + 2*b + 4*s - 13, -4*b = s - 52. Let i = b - 9. Suppose -i*q + 5 = q. Calculate the highest common divisor of 7 and q.
1
Let g(z) = -z - 8. Suppose 27 = 3*h - 5*d, -3*h + h = -2*d - 18. Let p be g(h). Let q = p + 80. Calculate the highest common divisor of 7 and q.
7
Let h = -7 - -25. Let b be ((-14)/28)/(1/(-2)). Let y be 4 + 44 - (2 + b). What is the highest common divisor